+ -9. Let t(a) be the second derivative of -a**5/20 - a**4/2 - 3*a**3/2 - a**2 - 331*a. Calculate the remainder when 69 is divided by t(p).
15
Let r(q) = -77*q - 1367. What is the remainder when 993 is divided by r(-22)?
12
Let z be 4/(8/(-169))*3*2. Calculate the remainder when 28 is divided by (z/18)/13*-6.
2
Suppose -6*h - 21 = -9*h. Suppose -y = 2*n - 7, 1 = 4*y - 2*n - 17. Suppose -y = -0*w - w, 208 = 4*d + 4*w. What is the remainder when d is divided by h?
5
Let k be -4 - (5 + (-485 - 0)). Let m = -411 + k. What is the remainder when 188 is divided by m?
58
Let w = 3 + 60. Suppose 137 = 5*p - w. What is the remainder when 278 is divided by p?
38
Let m(w) = -50*w - 732. What is the remainder when 354 is divided by m(-15)?
12
Suppose 7*o = o + 774. Suppose 4*k = 150 - 74. What is the remainder when o is divided by k?
15
Suppose 0 = 12*p + 91 + 509. Calculate the remainder when 92 is divided by (5/p*-15)/((-3)/(-32)).
12
Let w = -17957 - -18453. What is the remainder when w is divided by 31?
0
Suppose 5*h - 32 = -r, -r + 2*h + 2*h + 14 = 0. Suppose 5*b - 3*n = -1300, -n + 1290 = -4*b - b. Let o = -195 - b. What is the remainder when o is divided by r?
18
Suppose 0 = -a + 554 + 432. Suppose 29*v + 0*v = a. Let p(b) = -22*b. Calculate the remainder when v is divided by p(-1).
12
What is the remainder when 216*(0 - ((-187)/22 - -8)) is divided by 88?
20
Let t(d) be the second derivative of 0 - 1/6*d**3 + 10*d + 11*d**2. What is the remainder when 103 is divided by t(-6)?
19
Suppose -2*q + 3*s = 4, -1 = -3*q + 2*s + 3. Suppose 9*l + z - 298 = 4*l, -q*z = -12. Let m = 36 - 26. What is the remainder when l is divided by m?
9
Suppose 0 = 6*j - 9*j - l + 300, 2*l - 6 = 0. What is the remainder when 1188 is divided by j?
0
Let c = 11808 + -11761. Calculate the remainder when 526 is divided by c.
9
Let a(j) = 35*j**2 - 174*j - 12. What is the remainder when a(7) is divided by 70?
65
Let n be (-5 - -11)/6*48. Suppose -p = 25 + 3. Let t = n + p. What is the remainder when 59 is divided by t?
19
Let h(c) = -19*c**3 + 10*c**2 - c + 3. Let t be h(4). Let q = -1053 - t. Let x = 251 + -178. What is the remainder when x is divided by q?
1
Let p = -96 - -101. Suppose 3*j - 63 = 3*y, 3*y - 123 = -p*j + 2*y. Calculate the remainder when 112 is divided by j.
16
Suppose -2*r - 5*j = 253, 3*j = 5*r - j + 550. Let y = -80 - r. What is the remainder when y is divided by -12 + -24*(-31)/(744/16)?
2
Suppose -2*b + 31 = -13. Let l = -681 + 690. What is the remainder when b is divided by l?
4
Suppose 0 = -9*r + 54 - 0. Suppose -k = -r*k. Suppose -5*p + 73 + 22 = k. Calculate the remainder when 35 is divided by p.
16
Let j = 31 + 21. Let t(k) = -2*k + 16. Let b be t(0). Suppose 3*z - 4*f - b = 0, 2*z + 4*f = 2*f + 34. Calculate the remainder when j is divided by z.
4
Let k = 2053 - 1672. What is the remainder when k is divided by 135?
111
Suppose 1947 = -7*q + 2311. Calculate the remainder when 269 is divided by q.
9
Suppose 66*g - 64*g - 60 = 0. Let r = 58 - g. Suppose 4*m - 32 = -0. Calculate the remainder when r is divided by m.
4
Suppose -24 + 44 = d. What is the remainder when (47 - -4)/((-27 + 10)/(-17)) is divided by d?
11
Let c be (2 + -3)*-1 + (4 - 1). Suppose -535 = -3*b + c*o, -2*b + 3*o - 507 = -5*b. What is the remainder when b is divided by 29?
28
Let x = 174 - 279. Let p = x + 74. Let y = -15 - p. Calculate the remainder when 78 is divided by y.
14
Suppose -5*n - 21 - 44 = -5*d, 5*n = 4*d - 57. Suppose -4*r + g = -44, r + 52*g - 57*g = -d. Let f = -50 - -84. Calculate the remainder when f is divided by r.
10
Suppose -5*i + 2*t + 1229 = 0, -73*t = 4*i - 74*t - 982. What is the remainder when i is divided by 25?
20
Let x(m) = 41*m - 153. Let w be x(5). Suppose -2*s + 47*v = w*v - 25, 2*v = 5*s - 106. Calculate the remainder when 73 is divided by s.
13
Let q(k) = 746*k - 22333. Suppose -4*m = -4*c - 5*m + 4, 3*m + 16 = 2*c. Suppose 0 = 5*y + c - 42. Calculate the remainder when q(30) is divided by y.
7
Let l be 2/4*(590 + -2). Suppose 0*y = -21*y + l. Calculate the remainder when 292 is divided by y.
12
Let o(m) = 10*m**2 - 64*m + 84. What is the remainder when o(-25) is divided by 64?
62
Suppose -11*j = -3535 + 3062. Calculate the remainder when 46 is divided by j.
3
Let w(d) = 2*d - d + 17 - 17. Let j be (-4)/(-24)*-2*-18. What is the remainder when 16 is divided by w(j)?
4
Let s be 126/12*(-5)/(140/(-48)). Suppose -4*x = -3*c + 2, 0 = 2*c - c + 3*x - s. What is the remainder when 33 is divided by c?
3
Let j be 62 + (-5 - -2) + 1. Suppose j = -11*x + 14*x. Calculate the remainder when 57 is divided by x.
17
Let r(p) = -120 - 76*p + 54 - 55*p + 55. Calculate the remainder when r(-1) is divided by 1/(-2) - 127/(-2).
57
Let j = 1390 + -1133. Calculate the remainder when j is divided by 67.
56
Let z = 405 + -401. Calculate the remainder when 429 is divided by z.
1
Let b be 20 + -1 - (-4 + (-2 - -4)). Let y be (28/b)/(2/126). Calculate the remainder when ((y/10)/1)/(9/60) is divided by 15.
11
Let l(n) = 19*n**2 + 3*n + 28. Let w be l(-9). Suppose 50*c - 43*c - w = 0. What is the remainder when c is divided by 28?
24
Suppose 648 + 738 = 11*k - 242. Calculate the remainder when 5474 is divided by k.
146
Let c = -2570 + 2781. What is the remainder when 6327 is divided by c?
208
Calculate the remainder when (8 + -8)/(-11) - -1133 is divided by 126.
125
Let r = 3481 - 3421. What is the remainder when 281 is divided by r?
41
What is the remainder when -1 + (4 + (-35)/10)*718 is divided by 76?
54
Suppose 22*d - 1573 = -40*d + 51*d. Calculate the remainder when 8006 is divided by d.
141
Suppose t = 6*t + 2*v - 38, 2*v - 22 = -3*t. Suppose t*w - 3*w = 55. Let y = -14 + 17. Calculate the remainder when w is divided by y.
2
Let d = 12003 + -11157. What is the remainder when d is divided by 211?
2
Let j be (-4)/6 - 4325/(-75). Suppose 3*c - 84 = -j. What is the remainder when 34 is divided by c?
7
Suppose 0 = 4*w - 163 + 11. Let a = 549 + -197. Let d = -203 + a. What is the remainder when d is divided by w?
35
Let b be -3*13*(-14)/6. Suppose -5*c = 2*m - 4*m - 119, -4*c + b = -3*m. What is the remainder when c is divided by -12 - -6 - 50/(-5)*1?
1
Let p(r) = -4*r**3 + 7*r**2 + 10*r + 5. Calculate the remainder when p(-3) is divided by 124.
22
Suppose 155*a - 158*a + 102 = 0. Calculate the remainder when 560 is divided by a.
16
Let q = 8210 - 4034. Calculate the remainder when q is divided by 22.
18
Let t(h) = h**3 + 18*h**2 - 13*h + 17. Let l be t(-18). Let n = l - 202. What is the remainder when n is divided by 7?
0
Let x(w) = 8*w**2 + 3*w - 14. Let k be x(-5). Suppose 221 + k = 8*f. What is the remainder when f is divided by 4?
1
Suppose 0 = -58*d + 5491 + 1348 - 2025. Calculate the remainder when 514 is divided by d.
16
Suppose 5*j = 4*g - 1312, -6*g = 4*j - 467 - 1455. What is the remainder when g is divided by 105?
8
Suppose 3*w = l - 425, -3*w + 5*w + 866 = 2*l. Suppose -p + 85 = 2*y, 39*y - 175 = 35*y - 3*p. Calculate the remainder when l is divided by y.
37
Let y = 95 - 53. Suppose 0 = -25*r + 28*r - 18. Suppose -k - r = -15. Calculate the remainder when y is divided by k.
6
Let p(s) = -35 - 19*s - 13 + 11. Calculate the remainder when p(-4) is divided by 4.
3
Suppose p = -29*i + 32*i + 497, -i = 5*p - 2405. What is the remainder when p is divided by 33?
20
Calculate the remainder when 300 is divided by (7 + -7)/(-5) + (-6)/(-3) - -37.
27
Suppose 33*v + 74*v + 8194 = 370175. Calculate the remainder when v is divided by 1686.
11
Suppose 96*u - 9424 = 3152. What is the remainder when 273 is divided by u?
11
Suppose c + 4*s = 172, -3*c + 4*c - 3*s - 179 = 0. Suppose -c*v = -181*v + 1795. What is the remainder when v is divided by 18?
17
Suppose -43 = -2*h - 15. Let r = 1331 + -1263. Suppose 72*y + 20 = r*y, -2*d + 5*y + 131 = 0. What is the remainder when d is divided by h?
11
Calculate the remainder when 6/14 - (-10012)/28 is divided by 8.
6
What is the remainder when ((-12)/2 - -9)/((-2)/2) + 2387 is divided by 36?
8
Suppose 5*y - 2*s = 817, 0*y + 4*s - 159 = -y. Calculate the remainder when 469 is divided by y.
143
Let j(q) = -22*q**3 + q + 1. What is the remainder when j(-1) is divided by (-4 + ((-473)/(-172) - (0 + 0)))*-4?
2
Suppose -4*w + 72 = -3*n, 5*w + 3